+ -74 + 20) - 18.
-9
Calculate -6 + 1 + (129 - 116).
8
Calculate -2 + (-7 - ((2 - 13) + 8)).
-6
What is the value of -13 + (-2 - (3 + -2)) + (423 - 420)?
-13
What is the value of -4 + (-2 - -6) + 0 + 9 + -19?
-10
-10 + (-15 - -1) - ((10 - 6) + 1)
-29
Evaluate -25 - (22 + -26) - (2 + 0 - 1).
-22
Calculate -7 + (-7 - (5 + -7)).
-12
Evaluate 447 + -404 + -29 + 2.
16
What is -28 + 32 + -9 + 3 + -4 + 25?
19
What is the value of (16 - 31 - -13) + -2?
-4
Calculate (-14 - -21) + 1 + -23.
-15
Evaluate (13 - 14) + (3 - 10 - -1 - -2).
-5
Calculate (-41 - -21) + 6 + (-1 - -37).
22
Calculate -7 - (6 + 15 + -14 + -15).
1
Evaluate -10 - 3 - -9 - (-9 + 0) - 4.
1
Calculate 50 - (63 + -26) - (31 + 1).
-19
What is 5 + (0 - (3 - -6 - 4)) + 12?
12
Calculate -12 + (19 - (7 - 9)) + -8.
1
What is the value of (-2 - -3 - (-5 - 3)) + -4 - -10?
15
What is the value of -2 + (-4 - 0) + (21 - 17)?
-2
What is 13 - (-55 + 68 - (1 - -13))?
14
Evaluate -1 + (-9 - -13 - -5) - 2.
6
2 - (-14 + 14 + -18 + 50)
-30
Calculate 30 + (1 + 5 - (-22 - (-5 + -26))).
27
(-7 - 0) + 9 + -8 + 0 + -15
-21
Evaluate 46 + -38 + (15 - 7).
16
What is -3 - (-20 + 40) - -12?
-11
What is 3 - (2 + 3) - (4 + 3 + -8)?
-1
(-45 + 32 - (-1 + -5)) + -9
-16
What is the value of -10 + (2 - -8) + -39 + 38 + -3?
-4
What is 4 + 1 + 13 - (-1 - (-2 - 4))?
13
1 + (10 - 5 - -10) + -8
8
(0 - ((3 - 5) + -5) - 10) + -5
-8
10 + (12 - 6) + 0 + -15 + 6
7
What is -3 + 6 + 3 + -8?
-2
What is -4 + (-3 + 3 - -6) + -38 + 27?
-9
What is 23 + (28 + -3 + -13 - 0)?
35
Evaluate -17 - (14 - (-8 - -48)).
9
Calculate 22 - ((-6 - (-4 + 13 + -12)) + 11).
14
Evaluate -25 + 22 - (6 + -14 - -8).
-3
What is the value of -4 + (0 - -5) + (-2 - -6) - -3?
8
Calculate 1 - (3 - 16) - (15 - 8).
7
Calculate 21 + -38 + 19 - -2.
4
2 - (9 - -8) - (12 - 9)
-18
What is 4 + -19 + 4 + (-14 - (-4 - 13))?
-8
Calculate (10 - 14) + -3 + 5.
-2
What is (13 - 1 - (4 + -13 + 0)) + 0?
21
Evaluate 0 - 0 - (-1 + (4 + 5 - 0)).
-8
What is -4 + 6 + (4 + 5 - (4 - -3))?
4
3 + -2 + -1 + 1 + -14 - 0
-13
What is the value of 154 + -134 + (1 - 13)?
8
8 + (0 - -6) + 4 + (-8 - -8)
18
(-1 - -12) + (-71 + -18 - -64)
-14
Calculate 8 + 1 - (130 + -117).
-4
What is 4 - (0 - ((-4 - 5) + 14))?
9
Calculate 11 - (0 - -4) - -5 - 7.
5
What is the value of -3 - (14 - (-28 + 38))?
-7
Evaluate 14 + 8 + (-15 - -3) + 2.
12
Calculate 7 - (7 - (8 - (-11 + 18))).
1
Calculate 12 - 9 - (-33 + 27).
9
Evaluate -96 + 96 - (1 - -14).
-15
Calculate -9 + (-10 - (15 - 46)) - 16.
-4
7 - 3 - (-29 + 15 + 2)
16
Calculate (-30 - -18) + (-2 - -26).
12
12 + 3 + -2 + 17
30
What is -5 + 4 - 9 - -17?
7
Calculate -30 - (-21 + (-5 - -18)).
-22
What is the value of (3 - (80 - 73 - (-1 + 7))) + -17?
-15
What is -8 + (-18 - (-21 + 8 - 19))?
6
-18 + 0 + 4 + (9 - -10 - 23)
-18
Evaluate (-7 - (-7 + -7)) + -6.
1
What is 1 - ((-13 - -42) + -11)?
-17
Evaluate (14 - 3) + -10 + -10 + 14.
5
(-11 - (0 + 2)) + 21 + -15
-7
What is -2 + (-49 - -48) + (1 - 0)?
-2
Calculate 16 - (72 - 36) - -24.
4
Evaluate -19 - (-10 - (9 - 17)) - -5.
-12
What is (-10 + 2 - -2) + (-74 - -83) - 13?
-10
Evaluate -4 + -3 + 46 + -26.
13
What is -9 - (-8 - (-10 + 13 - 13))?
-11
Evaluate (13 - 1) + (49 - 118 - -63).
6
Evaluate (4 + 0 + 1 - 11) + 21 + -2.
13
What is the value of (-4 + (-2 - -2) - -10 - 13) + -5?
-12
What is -2 - (-5 - (7 - (3 - -3)))?
4
Evaluate -5 + 4 - (-5 + 24) - (6 - 17).
-9
-5 + ((-10 - -8) + -3 + 0 - -11)
1
What is the value of -8 + 16 + 1 + -4 + (-1 - 13)?
-9
What is 10 - (-15 - -11) - (3 + (1 - -2))?
8
What is -2 + (9 - 8) + -8 - -6?
-3
Evaluate 0 + (11 - (-16 + 8 - -33)).
-14
Evaluate 9 - (2 - -10 - (22 - (15 - -7))).
-3
-21 - (4 - -6) - (-4 + -6 - -1)
-22
(13 + 3 - 4) + 5 + -16 + 5
6
Calculate -15 - (-49 - -15) - 11.
8
What is 16 + -3 - (-32 - -53)?
-8
-4 - 4 - (2 - (-2 + -1 + 1))
-12
Calculate 15 + -15 + -8 - (-3 + 7).
-12
-4 + -1 + -11 + (-8 - (19 - 18))
-25
What is the value of 24 + (-4 + 0 + 0 - 1)?
19
4 + (6 - 8 - 10)
-8
Evaluate (-9 - -1) + 32 + 0 + -9.
15
What is the value of (1 - 6) + -8 + -2 + 12 + -14?
-17
What is the value of (-56 - -59) + (14 - 22)?
-5
-30 - (0 + -12) - -1
-17
What is the value of 11 + (-33 - -25 - (0 - 15))?
18
Evaluate -3 + 37 - (38 + -35 + 14).
17
Evaluate -182 + 173 + 6 + 10.
7
Evaluate 13 + -2 + -13 + 4.
2
What is the value of (5 - (66 - 57 - (4 - 0))) + -9?
-9
Evaluate 1916 - 1891 - (23 - 1).
3
What is (-147 - -166) + (0 - 10)?
9
Evaluate -9 - -23 - 2 - (5 + -3 + 6).
4
Evaluate 16 + -59 - -62 - (6 + 0).
13
Calculate (12 - 19) + (-5 - (2 - 14)).
0
Evaluate 3 - (6 - ((6 - 7) + 9)) - 20.
-15
13 - (-6 + 58 - 1 - 17)
-21
What is 3 - (8 + 3 + -17 + 0 + 14)?
-5
Evaluate -3 + (-1 - (-2 + 14)).
-16
What is the value of 18 + -32 - -1 - 10?
-23
Evaluate 190 + -198 + 0 + 1 + 35.
28
Evaluate 2 + -13 + (13 + 1 - 13).
-10
-36 + (11 - 2 - (1 + -6))
-22
-3 + (-43 - (-26 + 0))
-20
Evaluate -1 + 2 - -21 - (18 + -4).
8
What is the value of (-2 - -3) + -6 + 7 - (7 - 6)?
1
47 + -18 + -18 + -4
7
What is the value of (-2 - (-30 - -17)) + -24 + 1?
-12
What is -43 - -13 - -26 - (1 + -7)?
2
What is -15 + 2 + 3 - -7 - -26?
23
29 + 28 + (16 - 70)
3
Calculate 6 - (1 + 0 - -3) - (-18 + 12).
8
Evaluate 3 + 7 + (9 - 39) - -7.
-13
Calculate ((-4 - -13) + 0 - (-3 + 1)) + -2.
9
Evaluate 21 + -30 - (-9 + 11).
-11
What is the value of -98 + 122 + -52 + 9?
-19
Evaluate 0 + (15 - 7 - 28) + 11.
-9
-6 + (-2 - -11) + 6
9
0 - (6 - 12) - (-4 + -10 - -9)
11
What is the value of 22 - 12 - 20 - (-15 - 5)?
10
Evaluate -7 + 16 - ((0 - -18) + 10).
-19
20 + -7 + 15 + -8
20
What is the value of -9 + (-1 - 7 - (-40 + 33))?
-10
What is (82 - 62) + 9 + -24?
5
What is (-37 - -19) + (-6 - (-13 - 3))?
-8
Calculate 45 + -56 - (-2 - (2 + 2)).
-5
Calculate 2 - ((17 - 3) + 2 + -5 + 9).
-18
What is 34 - 35 - (2 + -1)?
-2
Calculate (3 - 23) + (-4 - -12) + -5.
-17
1 + 17 - (16 + -12 - -17 - 16)
13
Calculate (-5 + 5 + 3 - -3 - -7) + -2.
11
What is 522 + -527 - (13 + 0)?
-18
Calculate (-2 - -12 - 5) + -1 + -17 + -7.
-20
Evaluate 3 + (-8 - (6 - 13 - 1)).
3
11 + (-15 - (-4 + -1))
1
20 + (-18 - 18) + 25
9
What is -13 + 12 + -5 + 18?
12
Calculate -12 - ((10 - 9 - -13) + -8).
-18
Calculate -9 + 2 + 0 + 8 + -6.
-5
What is (4 - (-5 + -14 + 34)) + -5?
-16
What is -11 + 5 - (-9 + 6 + 1) - -17?
13
-23 - ((0 - 8) + 4)
-19
Evaluate (-12 - -3) + (13 - 8).
-4
Evaluate 2 - (-6 + (4 - 13)) - 6.
11
What is 11 + -32 + 24 + -24?
-21
What is -10 - (3 - -4) - ((-5 - 1) + 0)?
-11
(-1 + -1 - 0) + 21 + -8 + -1
10
What is the value of 26 + 44 + -26 + -43?
1
What is the value of -4 - -7 - 4 - (17 - (9 + 18))?
9
What is the value of -1 - 1 - (15 + (-28 - -12))?
-1
(-3 - 0) + -2 + (72 - 58)
9
Calculate -13 + -4 - (12 - 22).
-7
-12 + -29 + 46 + (1 - 9) + 32
29
0 + -6 + (69 - 92) + (1 - -52)
24
What is the value of -8 + -3 + 19 - (0 - -8 - 2)?
2
Evaluate 200 + -231 + (-3 - (-16 + -4)).
-14
Calculate (12 - 3) + (-61 - -64).
12
What is 4 + 6 + -3 + -23 + 9?
-7
What is the value of 2 + (1 - 7) + 0 - (-54 + 45)?
5
-1 + -23 - (-384 - -388)
-28
Evaluate (-13 - -6 - 4) + (52 - (-19 - -36)).
24
What is the value of 56 - 52 - ((3 - 1) + 1) - -2?
3
0 + 9 - 14 - 0
-5
What is 5 + (-9 - (-21 - (-6 - 0 - 0)))?
11
(-7 - -14) + -18 + 2 + (4 - -13)
8
Evaluate -7 + 4 + 4 + (1 + -4 - -1).
-1
What is the value of 1 - -4 - (56 + -50 + 27)?
-28
Calculate 275 + -256 - (30 + -1).
-10
What is the value of 0 + (3 + 6 + -9 - -9)?
9
8 + (8 + -18 - -19)
17
Calculate -27 + (-13 - (-18 - 1)) - -6.
-15
Calculate 485 - 520 - (-23 + 1).
-13
What is the value of 59 + -22 - 43 - (0 + 7)?
-13
What is -2 + -1 - (15 + -10 + -9)?
1
What is the value of -2 + (-1 - -4) + (258 - 261)?
-2
Evaluate 2 - -15 - ((-4 - -7) + -5 + 6).
13
What is the value of (9 - (16 - -10)) + 27?
10
-15 - ((-7 - -2) + 9 + -8)
-11
Calculate (-9 - -14) + 7 + -12 + -2.
-2
(-4 - 14) + 31 + -34
-21
What is 2 + -2 + 5 + (14 - 41 - -25)?
3
What is the value of 3 - ((-5 - -7 - 4) + 5)?
0
-35 + -3 + 7 + 3 + (8 - 3)
-23
What is (4 - (-17 + 21)) + 5 - (2 + 29)?
-26
Calculate -11 - ((-22 - (-13 - 11)) + (-8 - -1)).
-6
What is (21 - 18 - 35) + 6?
-26
Evaluate (-695 - -674) + (1 - 3) + -1 + 7.
-17
Calculate 10 - -7 - 5 - 5.
7
-3 + (3 - 4) + (-8 - 1) + -22
-35
Evaluate 2 - -2 - (-566 - -569).
1
What is the value of (-30 - -48 - 23) + (16 - 1)?
10
What is 1 + 7 - (5 - (